at is the greatest common factor of 112 and v?
14
Suppose 198*f - 2627 = 3907. Calculate the greatest common divisor of f and 8107.
11
Let d = 7266 - -17097. Calculate the highest common divisor of d and 9.
9
Suppose -1751 + 41090 = 93*z. What is the highest common factor of 18 and z?
9
Suppose -164 = 2*j - 4*r - 208, 0 = -5*j - 4*r + 124. What is the greatest common factor of j and 2944?
8
Let x be 4/18 - 43/(-9). Suppose -x*u + 2*u = -45. Suppose -4*w - a - 6 = -121, -2*w + 80 = -4*a. What is the highest common factor of w and u?
15
Let j(u) = -3*u**2 + 11*u + 2. Let h be j(5). Let b be -5 + 10 + -8 - h. Calculate the highest common factor of b and 165.
15
Suppose 264 = -16*j + 20*j + 8*o, 5*o = -j + 87. Suppose -q - 2*q + 507 = 0. Let k = 325 - q. What is the highest common factor of j and k?
52
Let c be (-83)/(-5) + 0 - (-2)/(-45)*-9. Let b be (2/(-5))/(22/(-55)). What is the greatest common factor of c and b?
1
Suppose 10*h - 524 - 847 = 449. What is the greatest common divisor of 154 and h?
14
Let q be ((-13895250)/(-120))/25 - 2/(-8). What is the greatest common factor of q and 48?
24
Suppose c + 5*i = 87, -3*c + 144 = -i - 37. Let u = 77 - c. Let l = 215 - 80. Calculate the greatest common factor of u and l.
15
Let p be (94/6 - (15 - 20))*-42. Let l = p - -1605. Calculate the highest common factor of l and 134.
67
Let l = 41 + -37. Suppose -452 = -l*v + 132. Let t = 7 + v. What is the highest common factor of t and 17?
17
Let s(f) = 7*f**2 - 4*f + 3. Let n be s(-6). Suppose -293*w - 108 = -305*w. What is the greatest common divisor of n and w?
9
Let r(g) = -7*g**3 - 15*g**2 + 14*g - 234. Let u be r(-17). Calculate the greatest common divisor of u and 172.
172
Let p(f) = -10*f + 22. Let r be (2691/(-46))/((-2)/(-4)). Let q be (1 + -3)*r/(-26). Let z be p(q). What is the highest common divisor of 16 and z?
16
Suppose -4*q = 12, 13032 = 255*y - 252*y - 4*q. Calculate the greatest common divisor of 28 and y.
28
Let m(f) = -132*f - 1. Let k be m(-2). Suppose -2*t + k = -127. Calculate the highest common factor of t and 39.
39
Suppose -4*n - 5*a = -4*a - 34, -22 = -2*n - 3*a. Let s be (462/(-8))/(5/(-40)). Suppose -c = -n*c + s. Calculate the highest common divisor of c and 165.
33
Suppose 2264 = -32*c + 36*c. Calculate the greatest common divisor of c and 2.
2
Suppose 1 = -2*h + 3. Suppose c = -h + 26. Let a be 2 + 266 - (8 + -10 + -5). What is the highest common divisor of c and a?
25
Suppose 45*b - 120684 = -68*b. What is the highest common factor of b and 84?
12
Let x be (1800/270)/(2 + 49436/(-24720)). What is the highest common factor of x and 8?
8
Suppose 13028 = -8*y + 14628. Calculate the highest common factor of 575 and y.
25
Let c = 1384 + -1357. What is the highest common factor of c and 837?
27
Suppose -2*k + 4724 = b + 3*b, 0 = 3*b + k - 3545. Calculate the greatest common divisor of 1274 and b.
91
Let d(l) be the third derivative of -5*l**4/4 - 29*l**3/6 - l**2 + 12*l. Let r be d(-2). What is the greatest common factor of r and 31?
31
Suppose -20*y = -p - 16*y + 272, 5*p - 1285 = 5*y. Calculate the greatest common factor of p and 189.
63
Let c be 308/20 + 9/15. Suppose 17*j - 16*j = 3*r + 145, -3*r = 9. Calculate the highest common factor of j and c.
8
Let z be 192/40*(-35)/(-42). Calculate the greatest common factor of z and 59.
1
Suppose 0 = 24*i - 4*i - 1860. Suppose 2232 = 9*r + 27*r. What is the highest common divisor of i and r?
31
Let c(y) = -y**3 - y**2 - 2*y - 4. Let b be c(-2). Let h(f) = 14*f**2 - 6*f. Let d be h(b). Calculate the highest common divisor of 40 and d.
40
Suppose 10*q - 5*q - 90 = 0. Let z = 2582 - 2546. Calculate the highest common factor of z and q.
18
Suppose -2*h + 3*i = 17, i = -4*h - 3*i - 44. Let s(m) = m**2 + 6*m - 4. Let l be s(h). Let g = l + 10. Calculate the highest common divisor of g and 23.
23
Suppose -42705 - 351663 = 33*t - 191*t. What is the highest common factor of t and 468?
156
Suppose -97*g + 2258 + 3059 = 273. Calculate the highest common factor of 2314 and g.
26
Let v be ((-867)/68)/(6/(-80)). Suppose 4*q - 150 = -5*m, 6 = 3*q + 21. Calculate the highest common factor of m and v.
34
Let a(j) = -j + 75. Suppose 0 = -4*u + 65 + 31. Let s be a(u). Let b(y) = -18*y**3 - 2*y**2 + 1. Let z be b(-1). What is the greatest common divisor of z and s?
17
Let k = 83 - 83. Let m be (1 - k - -44)*(-2 - -5). What is the highest common divisor of m and 90?
45
Let b(y) = 6*y**2 - 48*y + 538. Let f be b(43). Calculate the greatest common divisor of f and 1495.
299
Let k(o) = 35*o**2 + 849*o - 34. Let f be k(-26). Calculate the greatest common divisor of f and 582.
194
Suppose 0 = 5*a - 3*a - 598. Let m be 32 - ((-646)/38 - -36). What is the highest common factor of a and m?
13
Let r = 47 + 84. Calculate the highest common divisor of r and 1834.
131
Suppose -3*v = -14 - 976. Let c(z) = -9*z - 15. Let l be c(-5). Calculate the greatest common divisor of l and v.
30
Let z(h) = -2*h**2 + 43*h - 24. Suppose 9 - 43 = -2*r. Let y be z(r). Calculate the greatest common factor of y and 86.
43
Suppose -3*q = -0*q - 45. Suppose -980 = -4*r - 5*p, 2*r - 7*r + 5*p = -1315. Calculate the highest common divisor of r and q.
15
Suppose -21*b + 423 = 26*b. Calculate the greatest common divisor of b and 630.
9
Let b(l) = 17*l + 216. Let s be b(-12). Let x = -24 - -27. What is the highest common factor of s and x?
3
Let y = 413 - 409. Let w(m) = -5*m**3. Let d be w(2). Let p be (2 - y)*(d/(-5))/(-4). Calculate the highest common divisor of 4 and p.
4
Let a(l) = -l**3 + 9*l**2 + 12*l + 30. Let m be a(7). Calculate the greatest common divisor of m and 3286.
106
Let c be 3 + 1 - (-2)/((-10)/15). Let l be c*(3 - (-24)/3). Suppose 0 = -2*u + 36 + 30. What is the highest common divisor of l and u?
11
Let m be 0*(-4 + (-27)/(-6)). Let u(j) = -14 - 12*j - 8*j**2 - j**3 - 3*j**2 + m*j**3. Let g be u(-10). What is the greatest common factor of g and 6?
6
Let y be (2 - 1)*(6 + -1). Suppose 169 = 3*t - y*q, -4*q + 142 = -0*t + 2*t. Calculate the greatest common divisor of t and 21.
21
Let c(v) = -v**2 - 30*v + 35. Let g be c(-31). Suppose 24 + 48 = 2*k. What is the highest common divisor of g and k?
4
Let z = 18603 - 18533. Calculate the greatest common factor of 3024 and z.
14
Let a be ((-1008)/378)/(4/(-90)). What is the highest common divisor of 1815 and a?
15
Let i = 69307 + -45487. What is the highest common divisor of i and 60?
60
Let b = 67 + -40. Let p = -47 - -52. Suppose -3*n = -0*n + p*w - 2, -2*n + 43 = -5*w. What is the greatest common factor of b and n?
9
Let x(f) = -f - 2*f - 3*f - 21. Let i be x(-4). Let o be 14 + 5 - (1 + i). Calculate the highest common divisor of 15 and o.
15
Let p(c) = 355*c + 872. Let b be p(-2). Calculate the greatest common factor of b and 5.
1
Suppose 426*v + 28208 = 430*v. What is the highest common factor of v and 328?
164
Suppose 12259 = 38*i - 12365. Suppose -3*p = 3*z - 486, -8*p + i = 4*z - 10*p. Calculate the greatest common factor of 18 and z.
18
Suppose 3*g = -5*n - 1614, 450 = -3*n + 4*g - 530. Let o be (n/135)/(6/(-80)). What is the highest common divisor of o and 128?
32
Suppose -37 = -2*m + 5*i, 5*m + 5*i = -2 + 7. Suppose m*p = 46 + 230. Calculate the highest common divisor of 207 and p.
23
Suppose -4*q + r = 2*r - 351, -5*r = 3*q - 259. Let p be 1805/55 + (-4)/(-22). What is the highest common factor of q and p?
11
Suppose 307 = 37*k - 174. Calculate the highest common divisor of k and 7423.
13
Suppose -3*m + 6 = 0, b + 4*m - 16 = -3. Let c be 86/20 + (-2032)/(-160) + -13. What is the greatest common divisor of b and c?
1
Let a = -8283 + 8679. Calculate the greatest common factor of 495 and a.
99
Let y(f) = 2*f**3 - 46*f**2 + 84*f + 15. Let h be y(21). What is the greatest common factor of h and 255?
15
Let k = 16 + -6. Suppose -5*a + 25 = k. Let u(y) = y**2 - 14*y + 15. Let t be u(14). What is the highest common divisor of a and t?
3
Let m be 10/3*(201/6 + 25 + -33). Calculate the highest common divisor of 5 and m.
5
Suppose 5*a - 16*a = -3*a - 5200. Calculate the greatest common divisor of a and 182.
26
Suppose 157 = 8*y - 75. Calculate the highest common factor of 174 and y.
29
Let d be 14/10 - (-8)/(-20). Let r(j) = 2*j**3 - 2*j**2 + j + 1. Let k be r(d). Let h be